tive of -h**4/12 + 2*h**3 + 35*h**2 - h - 82. Calculate o(-4).
6
Let s be 24*(-7 + 54/8). Let w(k) = 11 - 4*k**2 - 6*k**3 + 2*k**3 + 3*k**3 + 14*k. Let r be w(s). Let b(d) = 11*d**2 - d. Calculate b(r).
12
Let p(d) be the third derivative of -23*d**4/12 - 7*d**3/6 + 3*d**2 - 182. Give p(-1).
39
Suppose 4*k = -2*x - 28, -k - 32*x + 34*x = 12. Let f(l) = 11*l + 86. Determine f(k).
-2
Suppose -3*x - 3 = h, 0*x + 8 = -4*x. Let n be 3976/6 + (-2)/((-12)/2). Let w(d) = -3 + 3*d**3 + 660*d**2 + 2*d - 2*d**3 - n*d**2. Determine w(h).
3
Let x(q) be the third derivative of 0 + 0*q + 11/2*q**3 + 1/8*q**4 - 175*q**2. Give x(-10).
3
Suppose -d = 5*h - 26, h - 4*d - 18 = -d. Let y(k) = -33*k + 170. Let x be y(4). Let b(p) = 38 + 8*p - 119 + x + 35 - p**2. Determine b(h).
4
Let f = -152 + 148. Let y(k) = -k**3 - 6*k**2 - 5*k - 11. Determine y(f).
-23
Let p(z) = 5*z - 1. Let o(h) be the first derivative of 9/2*h**2 - h + 5. Let y(r) = -3*o(r) + 5*p(r). Calculate y(-4).
6
Suppose 3*v - 6*z + 2*z = 4443, 2962 = 2*v - 3*z. Suppose -20 = v*j - 1477*j. Let d(i) = -2*i**2 - 4*i + 6. Determine d(j).
-24
Suppose -4*r + 68 = 13*r. Suppose -c - 4*y = -7, c + 2*y = -3 + r. Let n(t) = t**2 + 5*t - 5. Calculate n(c).
-5
Let i(x) be the third derivative of 5/8*x**4 - 1/4*x**5 - 2*x - 23/6*x**3 + 0 - 61*x**2 - 1/120*x**6. What is i(-16)?
-7
Let r be -2*(-6)/(7 - 4). Suppose 131 = 5*m + r*i, -m + 80 = 2*m + i. Let g(p) = 33 - p + 0*p**2 - 55 + m - p**2. Calculate g(0).
5
Let i(s) = -s**3 + 9*s**2 - 5*s + 8. Suppose 5*l - 84 = 4*n - 63, -2*n + 22 = 4*l. Suppose 3*j + n = -4*m + 25, 5*j = 2*m + 40. Determine i(j).
32
Let l(x) = -x**3 + 6*x**2 - 2*x - 2. Let o(n) = -110*n + 114. Let z be o(1). What is l(z)?
22
Let f(h) = 9*h - 7. Let o be f(1). Let y(q) = -o*q - 2873*q**2 - q - 5 + 2872*q**2. What is y(-3)?
-5
Let a(b) = 2*b**2 - b**3 + 6 - 2*b - 7*b**2 + 0. Let y = 975 + -1539. Let z = -569 - y. Give a(z).
16
Let s(t) = -t**3 - 9*t**2 - 8*t - 3. Let k be s(-5). Let g = k + 65. Let d(a) be the second derivative of 3*a**3/2 - a. What is d(g)?
18
Let k(j) = 9*j**3 - 3*j**2 + 6*j + 1. Let s(z) = -18*z**3 + 4*z**2 - 11*z. Let l(c) = -5*k(c) - 3*s(c). Determine l(1).
10
Let l be (-2)/(28/(-94)) + (-298)/(-1043). Let q(f) = 3*f**3 - 20*f**2 - 2*f - 7. Give q(l).
28
Let j(a) = -2099*a**3 - 2100*a**3 - a - 2095*a**3 + 8396*a**3 + 2*a**2 - 2098*a**3. What is j(-2)?
-22
Let k(g) = -9 - 8*g + 3 + 3 + 11*g + 7*g. Determine k(-3).
-33
Let p(n) = 16*n - 55. Let z = -21854 - -21858. Determine p(z).
9
Let m = 5822 + -5816. Let d(z) = -z**3 + z**2 - z + 1. Let f(x) = 4*x**3 - 10*x**2 + 5*x - 6. Let g(l) = 3*d(l) + f(l). Calculate g(m).
-27
Let u be (26/39)/((-4)/54). Let q(o) be the first derivative of -2*o**2 - 13*o + 196. Give q(u).
23
Let y be (2172/905)/(3/(-15)). Let s(m) = 17*m + 27. Determine s(y).
-177
Suppose 63*f + 306 = -72. Let w(a) = a**3 + 7*a**2 + 3*a - 18. Determine w(f).
0
Let c(y) = y**3 - y**2 - 3*y - 1. Suppose 9*b = 6*b + 5*w + 263, -3*b = -4*w - 259. Suppose 17*k = -10*k + b. What is c(k)?
8
Let u(m) = -m + 2. Suppose 3*s = 6*s - 6. Suppose 5*i = -0*i + 5*c, -2*i + c = -s. Let o(d) = 5*d - 11. Let x(f) = i*o(f) + 11*u(f). Determine x(-1).
1
Let a(o) = -o**3 + o**2 + o - 11. Let k(w) be the first derivative of 9*w**2 - 144*w - 5. Let c be k(8). Calculate a(c).
-11
Let s(t) = -t**3 + 3*t**2 - t + 1. Let k be 3 + (-2 + 3 - -1). Let g = -86 + 103. Suppose k*b + 2 - g = 0. Determine s(b).
-2
Let b(j) = j**2 - 29*j + 156. Let q be 69*32/3680 + (-204)/(-10). Calculate b(q).
-12
Suppose 22*c = -243 + 265. Let q(b) = 71*b**3 + b**2. Calculate q(c).
72
Let d = 191 + -197. Let t be d/(-4)*(-2 + (-110)/(-33)). Let s(y) = -2*y + 1. Give s(t).
-3
Let n(m) = -19*m**2 + 6*m + 13. Let t(j) = 3*j**2 + j - 1. Suppose 30*z + 118 = -62. Let s(v) = z*t(v) - n(v). What is s(13)?
6
Let y be 1278/(-8946) + (-6)/14*(-29)/3. Let a(z) = -3*z - z**2 - 3 + 0*z**2 + 0*z**2. Determine a(y).
-31
Let h(v) = -v**3 - 3*v**2 + 13565 + 13560 - 27134. What is h(-3)?
-9
Let b(d) be the third derivative of d**6/120 - d**5/12 - d**4/6 - 2*d**3 - 830*d**2. Determine b(6).
0
Let t(y) = y**3 + 4*y**2 - 7*y - 3. Let h = -387 - -467. Let z be ((-7)/((-84)/h) + -5)*-3. Determine t(z).
7
Let u(z) be the second derivative of -z**4/12 + 7*z**3/6 - 5*z**2/2 - 2*z. Suppose 24*h - 12*h - 480 = 0. Let r be (-24)/(-10)*h/16. Calculate u(r).
1
Let u = 21 - 16. Suppose -u*h = 3 + 22. Let w(q) = -4*q + 26. Let t(m) = -m + 9. Let z(o) = -7*t(o) + 2*w(o). Calculate z(h).
-6
Let p(i) = 136*i + 11. Let m be p(0). Let l(u) = 7*u - 71. Calculate l(m).
6
Suppose 0 = 17*d - 12*d - 4360. Let k(i) = -5*i**2 - d + 3*i**2 + 865 + i**3 + 13*i**2. What is k(-11)?
-7
Suppose 10*p - 32 = -2. Suppose 3*a - 3 = p*v - 12, -2*v + 7 = -3*a. Let j(g) = -1 + 0 + 2*g**2 - 2*g - 4*g**2 - 9*g**3. Calculate j(a).
8
Let s be -32 + 17 + ((-4)/(-10) - (-532)/70). Let r(n) = -n**3 - 7*n**2 - 3*n - 17. What is r(s)?
4
Let o(b) = -7*b + 88*b**2 + 89*b**2 - 184*b**2 - b**3 + 8 + 6*b. Let z = -7 - -1. Determine o(z).
-22
Let w(i) = 2*i - 13. Suppose 0 = h - 4*z - 177 - 62, -h + z = -230. Let k(q) = 115*q - h*q + 21 + 113*q. Let v be k(-11). What is w(v)?
7
Let o(l) = 3*l - 14. Let i(w) = w**2 + 63*w + 228. Let f be i(-59). Determine o(f).
-38
Suppose 498 - 381 = 3*v. Suppose 2*x + 13 - v = 4*f, -4*f - 5*x - 47 = 0. Let g(z) be the third derivative of z**4/24 + 8*z**3/3 - z**2. Calculate g(f).
8
Let p be (12/(-7))/(12/3318 - 0). Let v = p + 463. Let g(t) = -t**2 - 11*t - 12. Give g(v).
-12
Let l(x) be the second derivative of -x**3/6 + 35*x**2/2 - 221*x. What is l(20)?
15
Let m(y) = -570*y + y**3 + 1744*y + 185 - 24*y**2 - 570*y - 568*y. Calculate m(22).
9
Let g(j) be the first derivative of -9*j**2/2 + 3*j - 2715. Determine g(3).
-24
Let a be -1*3/6*-14. Suppose -n = -a - 5. Let u(y) = -12*y + 2 - 3*y + n*y. Give u(2).
-4
Let b(h) be the second derivative of -h**5/20 + h**4 - 2*h**3/3 + 16*h**2 - 8*h - 49. Determine b(12).
-16
Let y = 381 - 370. Suppose 4*x + 2*v = y + 17, 0 = -2*x - 2*v + 10. Let g(j) = -j**2 + 9*j + 10. Calculate g(x).
10
Let s(w) be the second derivative of 7 + 1/2*w**2 + 10*w + 5/6*w**3. Determine s(2).
11
Let q = -7622 + 7613. Let w(r) = -r**3 - 11*r**2 - 18*r. Calculate w(q).
0
Suppose -p = j + 4*p, 3*j = -2*p. Let y(i) be the first derivative of -i**2/2 + 12*i + 191. What is y(j)?
12
Suppose -16 = 3*h - 5*g, -4*h - 14 = -5*g - 6. Let j(o) = -o - 13. Calculate j(h).
-21
Let j(f) = -f**3 - 2*f**2 + 13*f - 6. Let m be ((-14)/(-21))/(7 + 428/(-60)). Calculate j(m).
4
Let j(c) be the first derivative of 5*c**4/24 + c**3/2 - 7*c**2 - 3*c - 1. Let b(l) be the second derivative of j(l). Let w = -14 - -10. What is b(w)?
-17
Let q(g) = 3*g + 26. Let a be q(-10). Let k(h) = 4*h + 6. Let d(p) = -6*p - 7. Let f(w) = a*k(w) - 3*d(w). Calculate f(4).
5
Suppose u + 3*i = 8, -156*i = -5*u - 161*i + 30. Let b(f) = f + 5. Give b(u).
10
Let c(p) be the second derivative of -p**4/6 + 11*p**3/6 - 12*p**2 - 2*p - 3768. Give c(7).
-45
Let t(u) = 44*u**2 - 80*u - 210. Let z(j) = -13*j**2 + 24*j + 63. Let c(n) = -8*t(n) - 27*z(n). Give c(-7).
-14
Let x be 3/(-9) + ((-11)/3 - 3). Let m = -9 - x. Let o(u) = 2*u**2 + u + 2. Calculate o(m).
8
Let t = 99 - 92. Let a(z) = -4*z**2 + 26*z + 17. Calculate a(t).
3
Suppose 0 = -27125*i + 27144*i. Let n(f) = 2*f**2 - 44. Give n(i).
-44
Let k = 128 + -120. Let m(l) = l**2 + 10*l - 9*l**2 - k + 7*l**2. What is m(6)?
16
Let i = -120 - -144. Suppose -i = 56*u - 52*u. Let t(x) = x**3 + 6*x**2 - 5. Calculate t(u).
-5
Let r(d) be the second derivative of 3*d**3/2 - 9*d**2 - 2774*d. Determine r(1).
-9
Let l(k) = 15*k**2 + 4*k + 4. Let v be (3 + -2)*-5 - ((-1 - 0) + -2). Give l(v).
56
Let y = 16232 + -16237. Let d(z) = z**2 - 3 + 4*z + 1 - z. Determine d(y).
8
Suppose 41*o - 283 = 16*o + 242. Let v(t) = -t + 23. Give v(o).
2
Let r(n) = 4*n**2 + 1. Let y(m) = -13*m + 2. Let l(f) = 13*f - 1. Let j(s) = 6*l(s) + 7*y(s). Let i be j(5). Let z = 56 + i. Give r(z).
5
Let k be (6/9)/(5/(-60)). Let f(l) be the second derivative of -l**5/20 - 3*l**4/4 - 4*l**3/3 - 6*l**2 + 1477*l. What is f(k)?
-12
Let t(y) = -4*y + 155. Let i be t(37). Let v(z) = -z**2 + 0 - 3 - 9 + 10 - i*z. Determine v(-8).
-10
Let g(n) = n - 4. Let t(h) = 64*h - 460. Let 